(d) = 63 - 15 - 22 - 28*d - 27. Let k(m) = -4*n(m) + 3*t(m). What is k(7)?
29
Let g(c) = 3*c**3 - c**2 + 8*c + 10. Let d = -116 - -114. Let n(m) = -m**3 + m**2 - 4*m - 5. Let t(l) = d*g(l) - 5*n(l). Calculate t(-4).
5
Let q(n) = 2*n**2 + 2*n + 1. Suppose 4*p + 4*s - 25 = -5, 4*p - 3*s = -8. Let o(l) = -7*l**2 - 13*l - 3. Let b(v) = p*o(v) + 3*q(v). Calculate b(-6).
6
Let m(y) = -52*y. Let g be m(-1). Let a = 54 - g. Let b(k) = 1 - k**3 - 2*k**a + 0*k + 3*k + 2. Give b(-3).
3
Suppose -835 = -f - 824. Let m(w) = 7 + 9 + 12*w**2 - w**2 - w**3. Determine m(f).
16
Let v be (6 - 12 - -10)*(-2 - -1) - 1. Let c(k) = 2*k**3 - 5*k**2 + 3*k + 6. Let b(q) = -3*q**3 + 5*q**2 - 3*q - 7. Let g(p) = 3*b(p) + 4*c(p). What is g(v)?
-12
Suppose 3*y - 4 = 2. Let w(p) = 5*p**2 - 3. Let g(m) = 4 - m**2 + 3 - 4 - 2. Let c(j) = -6*g(j) - 2*w(j). Give c(y).
-16
Suppose -488 = v + 477. Let z = 955 + v. Let l(s) = s**2 + 7*s + 11. Calculate l(z).
41
Let c be (15/7)/(3/21). Let m(q) = -q**3 - c*q + 6*q**2 - 2 + 8*q + 11. Calculate m(5).
-1
Let u(o) = -2*o**2 - o + 1. Let n be (-4 - -34) + (1 - 3). Let l = 26 - n. Calculate u(l).
-5
Let i(j) = -2*j**2 - 5*j - 2. Let p(m) = 3*m + 36. Let l be p(-11). Suppose 3*c + 2*c = -5*g - 35, l*g - 3 = 3*c. Give i(g).
-5
Let y(g) = -25*g**2 - 33*g + 12. Let k = 200 - 196. Let o(v) = -11*v**2 - 16*v + 6. Let t(s) = k*y(s) - 9*o(s). What is t(12)?
-6
Let y(s) = s - 4. Suppose t = 2*t - 26. Let d be (4 - 22) + (-3 - -2). Let g = t + d. Determine y(g).
3
Let m(p) be the second derivative of -p**4/4 - 5*p**3/3 + 7*p**2/2 + 2089*p. Determine m(-3).
10
Let c(k) = 208 + 0*k**2 - k + 7*k - 218 + k**2. Let r(b) = 2*b + 18. Let z be r(-13). What is c(z)?
6
Let i(v) = -v**2 + v - 12. Let c be i(0). Let f = -9 - c. Let w be (-5 + f)*(2 + (-6)/(-4)). Let s(b) = b**2 + 10*b + 2. Determine s(w).
-19
Suppose 313 = 10*i + 83. Let p = 12 - i. Let q(k) = k**3 + 10*k**2 - 10*k + 16. Determine q(p).
5
Let s(n) = -19*n - 121. Let r(q) = 4*q**2 - 492*q - 2565. Let c be r(128). What is s(c)?
-26
Let s = -31 + 79. Let k(m) = 56*m + 0*m**3 - 118*m + 16 + s*m - 10*m**2 + m**3. Give k(11).
-17
Let o = 6113 - 6113. Let d(j) = j**2 - j - 143. What is d(o)?
-143
Let k(f) = 4 - 4*f**2 - 2*f**3 + 5*f**2 - 6 + 0*f + 2*f. Let d be (21 - 23)*((-18)/4 - -1). Let m be 12/d - (-8)/28. What is k(m)?
-10
Let p(s) = 8*s + 10. Let a(t) = 17*t + 3. Let q(z) = 16*z + 7. Let o(f) = -3*a(f) + 4*q(f). Let x(i) = -3*o(i) + 5*p(i). Determine x(7).
0
Let y(r) = 4*r**3 + 26*r**2 + 4*r + 35. Let d(o) = 13*o**3 + 75*o**2 + 13*o + 106. Let x(c) = 2*d(c) - 7*y(c). What is x(-16)?
-1
Let m(t) = -6*t - 28. Suppose 3 + 25 = 14*h. Let d(s) = s + 6. Let x(r) = h*m(r) + 11*d(r). Determine x(0).
10
Let o(g) = -328*g - 5575. Let a be o(-17). Let l(s) = -6*s + 1. Let n(t) = -7*t + 1. Let b(d) = -4*l(d) + 3*n(d). What is b(a)?
2
Let p = 8 - 12. Let c(f) = -3*f - 1. Let y(r) = -4*r - r - 20 - 9 + 36. Let q(w) = -2*c(w) + y(w). What is q(p)?
5
Suppose 17*b = 18*b - 18. Let r(g) = g**2 - 29*g - 9. Let y(j) = -2*j**2 + 62*j + 17. Let w(l) = -7*r(l) - 3*y(l). What is w(b)?
-6
Let d(o) = -13*o**2 - 3*o - 4. Let a(c) = -9*c**2 - 2*c - 3. Let g = 183 + -188. Let q(m) = g*d(m) + 7*a(m). What is q(3)?
20
Let t(p) = 2*p**2 + 1. Let f = 166 + -169. Let x(q) = 7*q**2 + 6*q + 3. Let d(k) = f*t(k) + x(k). Determine d(-5).
-5
Suppose 106 = 17*j - 81. Let f(m) = -m**3 + 11*m**2 + m + 14. Calculate f(j).
25
Suppose -16 = -2*o - 4*t - 62, 2*t + 83 = -5*o. Let i be 10*-3*2/o. Let w(f) be the second derivative of f**4/6 - f**3/2 - 5*f**2/2 - f. Give w(i).
15
Let h(y) = -22*y - 3 + 2 + 2 + 18*y. Let f(u) = u. Let g(d) = 6*f(d) + h(d). Determine g(-2).
-3
Let u(s) be the first derivative of 3*s**3/2 + 16*s - 18. Let t(m) be the first derivative of u(m). Let k(f) = -f - 1. Let y(a) = -2*k(a) - t(a). Give y(2).
-12
Let g(v) = -2*v**2 + 13*v. Let u = -742 - -745. Suppose 0 = 2*k - 4*r + 4, -21 = u*r - 33. Give g(k).
6
Let v = -14 + 4. Let k be 6/v + (-6 - (-186)/10). Suppose 2*w + 5*o + 14 = o, -4*w = -2*o - k. Let l(b) = 2*b**3 + b**2. Calculate l(w).
3
Let x(s) = -s**2 + 7*s + 14. Let v be x(8). Let l(a) = -a + 6. Let n be l(v). Let o(y) = -3 + n*y**2 - 3 + y**2 + 5*y. Determine o(-6).
0
Let b(t) = -t. Let d(o) = 2*o + 10. Let k(v) = -3*b(v) - d(v). Suppose 16 = 3*c - n + 13, 8*n + 24 = 0. Calculate k(c).
-10
Let w = 201 - 518. Let i = -323 - w. Let l(x) = -x**3 - 6*x**2 - 4*x - 8. Give l(i).
16
Suppose -125 = -3*j + b, 3*j - 3*b - 102 = 21. Suppose 16*x = j - 10. Let g(l) = 3*l + 3. Let t(q) = -3*q - 2. Let a(f) = 5*g(f) + 6*t(f). Give a(x).
-3
Let r(f) = -321 - 317 + 86*f**2 - 3*f - 81*f**2 + 639. Give r(2).
15
Suppose -1416 = l - 1413, 4*o = -5*l - 19. Let a(c) = -41*c**3 + 2*c**2 + 11*c + 9. Determine a(o).
41
Let z(b) = b - 6. Let c be 9/(-6) + 4/(16/(-22)). Let d be (-84)/49*c/(-2). Let s be (-58)/d - (-28)/(-42). What is z(s)?
3
Let c(z) = z**3 - 17*z - 2*z**3 - 160*z**2 + 41*z**2 + 106*z**2 - 3. What is c(-12)?
57
Let p(x) = -40*x + 5127. Let u be p(128). Let k(q) = -q**2 + 7*q - 7. Let c be k(5). Let o(f) = 0 + 2*f - c*f + 3. Give o(u).
-4
Suppose -3*u - 25 = -8*u. Suppose -2*p + 1 = 3*b, 0*p - 2*p - 5 = u*b. Let y(d) = -527 + 272 + 289*d + 286*d - 576*d + 260. Determine y(p).
0
Let z(b) = -5*b**2 + 11*b - 6. Let a be 0 + -17 - (-198 - -177). Give z(a).
-42
Suppose -4*m + 21 = 21. Let h(z) = m*z**2 + 663*z**3 - 2*z + 3*z**2 + 3 - 662*z**3. Suppose -3*u - 15 + 6 = 0. Determine h(u).
9
Let f(q) = 3*q - 12*q**2 - 189439 - 16*q + 189425 - q**3. Determine f(-11).
8
Suppose 144*t = 29*t + 690. Let l(p) = p**2 - 5*p - 16. Give l(t).
-10
Let r(w) = 2*w**3 + 2*w**2 - w + 2. Let t = 8 - 7. Suppose -t = -v + 2. Suppose 0*x - x - 6 = -2*u, -v*u - 4 = 5*x. Calculate r(x).
-4
Let m be 12/(-16) - 49/(-28). Suppose 3*y - q = 15, -3*y + 0*y - 3*q + 3 = 0. Let z(i) = -y*i + m - 7 + 8. Calculate z(-2).
10
Let f(q) = q**2 - 5*q - 6. Let c be f(6). Let y(p) be the second derivative of -48*p + 0 - 1/6*p**3 - 7/2*p**2. Give y(c).
-7
Let n(d) = -8*d**2 - d - 18. Let g = 12795 + -12791. Calculate n(g).
-150
Let z = -26 - -23. Let c(o) = 10*o - 6. Let v(l) = -l**2 - 7*l + 3. Let y(d) = -2*c(d) - 3*v(d). Give y(z).
27
Let q(c) = -3*c - 4. Let z(g) = -2*g**3 + g**2 - 18*g + 3. Let w(u) = -2*q(u) + z(u). Give w(1).
-2
Let n(m) be the third derivative of -m**6/120 + m**4/24 + 8*m**3 + 443*m**2. What is n(0)?
48
Let p be 7/7 + 2 + 4. Suppose -6*h = -1 + p. Let j be h/4 + (-15)/(-60). Let n(r) = -r - 9. What is n(j)?
-9
Let g(v) = 2*v - 39. Suppose 0 = 593*u - 291*u - 290*u. Determine g(u).
-39
Let j(q) = 4*q + 13. Suppose 2*r + 377 = 383. Let o(l) = -4*l - 10. Let a(k) = r*o(k) + 2*j(k). Calculate a(-3).
8
Let c(k) = 633*k - 20. Let v(b) = 294*b - 9. Let z(n) = 10*c(n) - 22*v(n). Determine z(1).
-140
Let f(b) be the third derivative of 83*b**4/24 + 141*b**3/2 + b**2 - 2891*b. Give f(-5).
8
Suppose 0 = l - 17 + 30. Let r = -16 - l. Let w(k) = 5*k - 1. What is w(r)?
-16
Suppose -c = 4*c - 20. Suppose -16 = -c*m - 4*t, 0 = -4*m + 2*t - 6 + 34. Let i(w) = -w**2 + 3*w + 6. What is i(m)?
-12
Let y(z) be the first derivative of z**4/4 - 26*z**3/3 + 12*z**2 + 44*z - 8235. Calculate y(25).
19
Let s(i) = i**2 - 5*i - 3. Let y = -59 + 63. Suppose -4*f + 31 = l - y*l, -40 = 4*l - 5*f. Let x be (-21)/l - 4/20. What is s(x)?
-7
Let j(d) = -3*d**2 + 378*d + 396. Let t be j(127). Let z(o) = -7*o + 57. Calculate z(t).
-48
Let s(m) = 25*m**2 - 53*m - 29. Let n(r) = 7*r**2 - 16*r - 10. Let g(o) = -7*n(o) + 2*s(o). What is g(-5)?
7
Let u(d) = 3*d**3 + 24*d**2 + 2*d + 11. Let v(r) = -10*r**3 - 82*r**2 - 5*r - 35. Let b(h) = 7*u(h) + 2*v(h). Determine b(-4).
-9
Let p(u) = u**2 + 74*u + 459. Let g(o) = -6*o**3 + 2*o**2 + 21*o - 24. Let d be g(1). What is p(d)?
-10
Let x(n) = -n**2 - 7*n + 25. Let q(l) = -2*l**2 - 13*l + 49. Let v(i) = -4*q(i) + 7*x(i). Let z be ((-282)/30 - -7)*(0 + 5/(-3)). Calculate v(z).
7
Suppose -15*l + 92 = 17. Let w(k) = k**2 + 2*k - 3. Let h(y) = -2*y - 1. Let g(a) = l*h(a) + w(a). Determine g(8).
-8
Let p(n) be the third derivative of n**6/120 + n**4/24 + 80*n**2 + 2*n. What is p(-2)?
-10
Let c = -438 - -441. Let b(o) = 9*o**3 - 10*o**2 - 17*o. Let k(r) = -4*r**3 + 4*r**2 + 8*r. Let n(h) = c*b(h) + 7*k(h). Determine n(-4).
12
Let a be ((